) = 6*d(n) + l(n). What is o(-9)?
44
Let v(d) = -d**2 - 8*d - 4. Suppose -x + 2 = 2*s + 10, 3*x + 23 = -5*s. Determine v(x).
8
Let d(v) = 3*v + 1. Suppose 12 = -4*b, 1 - 26 = -2*l + 3*b. Suppose -2*m = 5*j - 14, -7*j + 3*j = m - 13. Suppose -j*f = -12 + l. Give d(f).
4
Let w(f) = f - 19. Let v be w(15). Let q(h) = -4 + 22*h**2 + 23*h**2 - 7*h - 47*h**2. Give q(v).
-8
Let n(j) = -3*j + 10. Let f(q) = q**2 + 2*q - 1. Let r be f(-4). Let o(a) = -2*a + 7. Let d(w) = r*o(w) - 5*n(w). What is d(0)?
-1
Let s(o) = -o**3 - 19 + o**2 + 20 + 0*o + o. Let q = 86 + -86. Calculate s(q).
1
Let w(j) = -47*j + 1. Let t be w(-1). Let q be t/(-18)*(-6)/4. Let v = q - 8. Let u(p) = 2*p - 2. Give u(v).
-10
Let g(y) = y**2 - 8*y + 2. Let x(s) = s - 1. Let o(c) = g(c) + 5*x(c). Let u(h) = 3*h**2 - 10*h - 9. Let d(k) = 11*o(k) - 4*u(k). Calculate d(6).
9
Suppose 0*p = 2*s - 5*p + 6, -2*p = 4*s + 60. Let z(g) = 2*g**2 + 27*g + 19. Calculate z(s).
6
Let n = -18 - -20. Let x(l) = -9*l + 16*l - l - 9*l + 7 - l**n. Calculate x(-6).
-11
Let o be 1 - (0 + 4 + -1). Let b(c) = -c**3 + 3*c**2 + c + 1. Let k(a) = -4*a**3 + 12*a**2 + 4*a + 4. Let w(l) = 9*b(l) - 2*k(l). What is w(o)?
19
Let f(k) = -2*k + 5. Suppose -14*x - 12 = -16*x. Let t be 24/(-16) + 39/x. Determine f(t).
-5
Suppose -5*k + 0 = 3*o + 12, 10 = o - 3*k. Suppose o = -2*t - 5. Let i(s) = 2*s**2 + 4*s - 1. Give i(t).
5
Let d(k) be the second derivative of k**3/6 + k**2 + 145*k. What is d(-7)?
-5
Let m(v) = v**3 + 5*v**2 + 4*v - 1. Suppose 2*s - 4*h = -14, 2*s + 3*h = -2*s - 39. Let p(d) = -d**2 - 11*d - 22. Let z be p(s). Calculate m(z).
-1
Let i be -1 + 1 - (-1 + -11). Let c = i + -13. Let p(z) be the third derivative of 5*z**4/24 - z**3/6 + 2*z**2. Give p(c).
-6
Let r(t) be the second derivative of -t**5/20 + t**4/12 - t**3/3 - t**2/2 + 40*t. Let g be ((-30)/35)/3*-7. What is r(g)?
-9
Let n = -54 - -56. Suppose 2*l - 7*l = -10, -n*h - 6 = -2*l. Let b(q) be the third derivative of -q**5/30 - q**4/12 - q**3/6 - q**2. Give b(h).
-1
Let i(m) = 3*m**2 - 3*m - 1. Let n(f) = -3*f**2 - f. Let r(w) = 5*i(w) + 6*n(w). What is r(-6)?
13
Suppose 9*r - 7*r - 2 = 3*b, -5*b = -5*r + 5. Let a(u) = u**3 + u**2 - u - 16. Determine a(b).
-16
Suppose -4*c - 1 = 3. Let y(j) = 6*j**2 + 2. Let o(h) = -12*h**2 - 7. Let q(t) = o(t) + 3*y(t). Calculate q(c).
5
Let k(f) = -7*f**3 - 5*f**2 + 2*f + 7. Let h(s) = 12*s**3 + 9*s**2 - 3*s - 13. Let n(v) = -3*h(v) - 5*k(v). What is n(3)?
-44
Suppose j + 15 = 5*o, 9 = o + 2*o + 3*j. Let g(m) = 15*m**2 - 1 + 10*m**2 - o*m - m**3 - 20*m**2. Suppose w = -0*w + 3. Give g(w).
8
Let h(l) = l**2 - 2*l - 2. Let v be (-1)/(1*5/(-15)). Determine h(v).
1
Suppose 3*t = -2*o + 15, -3*t - 3 = -o - 0. Suppose -l - 1 = -o. Let r(f) = 2*f + 1. Let q(x) = 6*x + 12. Let g(s) = -q(s) + 5*r(s). Give g(l).
13
Suppose 1 = -5*z - 2*n + 13, 4*z - 12 = -n. Suppose -2*b - z = -0. Let y(m) = m**2 + m + 1. Give y(b).
3
Let c(i) be the second derivative of -i**5/20 - 7*i**4/6 - i**3/6 - 6*i**2 + 18*i. Let g be c(-14). Let a(u) = -2*u**3 + u**2 + 2*u. Calculate a(g).
-8
Let s be (3 - 2)/((-2)/(-6)). Suppose -4*y - 20 = -2*b, 3*b - s*y + 2 = 26. Let m(l) = 2*l - 25 - 4*l + l + 27. What is m(b)?
-4
Let f(b) = 4*b**2 + 4*b + 2. Let u(a) = -a + 43. Let h be u(-28). Let w = h - 73. What is f(w)?
10
Let x(g) = g + 2*g**2 + g**2 - 4*g**2. Let l be 5/((-15)/(-2)) + 316/12. Let s = l + -25. What is x(s)?
-2
Let z(g) = -9*g**2 - 30*g + 55*g + 8*g**2 - 30*g. Let j be 9/2*24/(-18). Determine z(j).
-6
Suppose r = -5*j - 0*r - 13, -3*r = -4*j + 1. Let g be -1 + 3 + (-17 - j)/3. Let u(s) = s**3 + 4*s**2 + s - 3. Calculate u(g).
3
Let a(k) = 2*k - 6. Let w = 10 - 3. Let n(o) = -o + 2. Let d be n(w). Let j be (-18)/d - 8/(-20). Determine a(j).
2
Let y(r) = 7*r + 70. Let v(m) = 3*m + 35. Let w(d) = 5*v(d) - 2*y(d). Suppose -3 = -2*u + 19. Let h(a) = 7. Let b(g) = u*h(g) - 2*w(g). Determine b(5).
-3
Let j = 1467 + -1461. Let m(c) = -5*c + 32. Give m(j).
2
Let q(d) = d**3 + 4*d**2 + d - 1. Suppose -22*h = -6*h + 48. Give q(h).
5
Let d = -26 + 31. Suppose 40 + 65 = -d*x. Let o be x/(-14) + 14/4. Let c(s) = -s**2 + 6*s - 1. Determine c(o).
4
Let l(s) = 141 - 141 + s. Let v(t) = 2*t + 1. Let q(y) = -13*l(y) + 6*v(y). Determine q(-6).
12
Suppose 2*a + 2*g = 2, a - 2*g + 6*g = -11. Let k(i) = -i - i - a + 3*i. Let v be 16/6*((-629)/(-222) + 1/6). Give k(v).
3
Suppose 3*m = -0*m - 3*y, -2*y + 3 = 3*m. Let o(c) = -m - 5*c + 2*c + c + 5. Calculate o(2).
-2
Suppose -17 + 9 = -2*s. Let i(z) be the second derivative of -2*z + 1/2*z**3 - 1/12*z**s + 2*z**2 + 0. Calculate i(5).
-6
Suppose -3*k = -k - 4. Let h(a) = 4*a + k + a**3 + 5*a**2 + a + 0. Let l be h(-3). Let b(v) = -v**3 + 4*v**2 + 7*v - 4. What is b(l)?
6
Let k(f) = 2*f. Let h = -4 - -2. Suppose u + 5*l - 5 = -38, -4*u + 4*l - 12 = 0. Let i be (6/8)/(h/u). Calculate k(i).
6
Let t(z) = -2*z + 48. Let f be t(23). Let h(d) = -2*d**3 - 2*d**2 - 2*d + 2. Let o(k) = 2*k**3 + 2*k**2 + 3*k - 3. Let a(s) = 5*h(s) + 4*o(s). Calculate a(f).
-22
Let r(g) = g - 2 - 2*g + 4*g + 0*g. Let z be r(1). Let c be z*(0 + 1)*-1. Let t(p) = -10*p. Give t(c).
10
Let o(k) = 17*k - 46. Let f be o(3). Let w(x) = -x - 4. Calculate w(f).
-9
Let s(p) be the first derivative of p**4/4 + p**2/2 - 10*p - 17. Let j(t) be the first derivative of s(t). What is j(2)?
13
Let c(b) = -b**2 + 3*b + 4. Suppose 0 = j + 2*q + 8 + 13, -5*j + 5*q - 60 = 0. Let f be 4/(2/8*1). Let n be f/(-10)*j/6. Calculate c(n).
0
Let r(u) = 5*u**2 + 50*u**3 + u**2 + 2*u + 10 - 98*u**3 + 47*u**3. What is r(7)?
-25
Let a(h) be the first derivative of h**4/4 + 4*h**3/3 - h**2 - 2*h + 154. Determine a(-2).
10
Let v(t) = t**3 + t**2 + t + 4. Let r be ((-4)/(-12)*6)/(2/(-4)). Let b be -7*(5 - 4) - r. Determine v(b).
-17
Let l(t) = 67*t + 807. Let r be l(-12). Let g(j) = -9*j + 3. What is g(r)?
-24
Let v(h) be the third derivative of h**7/840 + h**6/90 - h**5/30 - 5*h**3/2 - 11*h**2. Let f(o) be the first derivative of v(o). Give f(-5).
-5
Let c = -3888 + 3892. Let j(a) = -a**2 + a + 4 + 0*a + a. Determine j(c).
-4
Let b(q) = -2*q**2 + 6*q - 2. Let v(g) = 5*g**3 + 2*g**2 - 3*g. Let p be v(1). Give b(p).
-10
Let i(s) = 5*s + 8 - 14*s + 3*s + 5*s. Let c be i(5). Let u(d) = d**3 - 3*d**2 - d + 2. Calculate u(c).
-1
Suppose -124 = 33*k + 8. Let d(p) be the third derivative of -p**4/24 - p**3 - 6*p**2. Determine d(k).
-2
Let v(y) = -5*y + 12. Let h(z) = 6*z - 19. Let r(m) = -2*h(m) - 3*v(m). Let b(x) = 3 + 3 - 5 + x. Let i be b(-3). Determine r(i).
-4
Let y(o) = -o**2 - 4*o - 3. Let g = 297 - 300. Calculate y(g).
0
Let n(d) = -2*d**3 + d**2 + d + 1. Let q(z) = 11*z**3 - 9*z**2 - 2*z - 11. Let a(s) = 5*n(s) + q(s). Give a(3).
-6
Let k(h) = 3*h. Let d(j) = 17*j + 5. Let o(c) = d(c) - 6*k(c). Let y(n) = n**2 + 7*n + 14. Let v be y(-5). What is o(v)?
1
Let b(u) = -10 + 4 - u**2 + 7*u + 0*u**2. Let j(f) = f**3 - 5*f**2 + f - 3. Let i be j(5). Suppose 5*y + 2 = -3*k + 26, -y - 4*k - i = 0. Determine b(y).
0
Let q(p) = -p**3 - 6*p**2 - 2*p - 7. Let d be (-4)/14 + 400/(-70). Let i be q(d). Suppose -3*w = -k - 0*k + i, 5*w + 9 = k. Let a(z) = -z. Give a(w).
2
Suppose -t + 93 = 8. Let l be (-5)/(125/10)*-10. Let p(s) = 81 - l*s + s - t. Calculate p(-4).
8
Let i(l) = -10*l + 9. Let n(c) = c**2 + c - 1. Let g(w) = -i(w) - n(w). Let u be g(8). Suppose -5*m + 8 + 2 = u. Let v(x) = -x**3 + 3*x**2 - x. What is v(m)?
2
Let r(c) = -4*c + c**2 - 107 + 0*c**2 - 99 + 211. Determine r(5).
10
Let g(i) = i**2 + 4*i - 7. Let t = 2 - 3. Let h(v) = -v - 1. Let d(z) = t*g(z) + 2*h(z). Suppose 18 = -7*m + 4*m. Give d(m).
5
Let d(x) = -x**2 + 2*x + 2. Let m be d(3). Let v = 5 + 1. Let f(j) = 5*j**3 + 2*j**2 + j. Let w(z) = z**3. Let c(r) = v*w(r) + f(r). Calculate c(m).
-10
Let k = 225 - 226. Let l(r) = r**3 - r. Give l(k).
0
Let m(q) = q**3 - 2*q**2 + 2. Suppose -4 = y + 3*y. Let f(h) = -2*h**3 + h**2. Let v be f(y). Suppose -v*g + g - o + 2 = 0, -g - 5*o - 8 = 0. What is m(g)?
2
Let j(k) = k**3 + 7*k**2 - k - 196 + 192 + 0*k + 4*k**2. Determine j(-11).
7
Let z be (30/(-90))/((-2)/(-6)). Let s(j) be the third derivative of 7*j**6/60 + j**4/24 + j**3/6 - 2*j**2. What is s(z)?
-14
Let v be -4 + -1 + 2 + -1. Let z be v*-2*3/12. Let f(q) = 2*q - 2. What is f(z)?
2
Let u(k) = 13*k**2 - 13*k + 21. Let 